{"id":39,"date":"2016-06-09T02:54:53","date_gmt":"2016-06-09T00:54:53","guid":{"rendered":"http:\/\/www.artgil.fr\/?page_id=39"},"modified":"2022-12-01T16:45:15","modified_gmt":"2022-12-01T15:45:15","slug":"une-passion-tardive","status":"publish","type":"page","link":"http:\/\/www.artgil.fr\/index.php\/une-passion-tardive\/","title":{"rendered":"une passion tardive"},"content":{"rendered":"<p><a href=\"http:\/\/www.artgil.fr\/wp-content\/uploads\/2016\/06\/13047917_10208509461390676_4015779421568686015_o.jpg\"><img decoding=\"async\" class=\"alignleft size-thumbnail wp-image-90\" src=\"http:\/\/www.artgil.fr\/wp-content\/uploads\/2016\/06\/13047917_10208509461390676_4015779421568686015_o-150x150.jpg\" alt=\"13047917_10208509461390676_4015779421568686015_o\" width=\"150\" height=\"150\" \/><\/a><em><span style=\"color: #800000;\">Mireille<\/span> <\/em><span style=\"color: #800000;\">( son site<\/span> <span style=\"color: #0000ff;\"><a style=\"color: #0000ff;\" href=\"http:\/\/missterre.fr\">http:\/\/missterre.f<\/a>r<\/span> <span style=\"color: #800000;\">)\u00a0<\/span><em><span style=\"color: #800000;\">sculpte depuis pr\u00e8s d&rsquo;une vingtaine d&rsquo;ann\u00e9es et nous cuisons ensemble nos pi\u00e8ces suivant la technique du raku.<\/span><\/em><br \/>\n<em><span style=\"color: #800000;\"> Pour ma part, j&rsquo;ai eu le coup de foudre pour la poterie lors de vacances en Cr\u00eate en mai 2014 en voyant un artisan sur son tour de potier. \u2028A peine rentr\u00e9 dans la Plaine du Rhin, j&rsquo;ai cherch\u00e9 et trouv\u00e9 un ma\u00eetre de stage formidable \u00e0 Muttersholtz (merci Patricia MARINO). \u2028Apr\u00e8s une quinzaine d&rsquo;heures de formation, j&rsquo;ai achet\u00e9 mon tour, mont\u00e9 mon petit atelier et je me suis lanc\u00e9 en ao\u00fbt de la m\u00eame ann\u00e9e.<\/span><\/em><br \/>\n<em><span style=\"color: #800000;\"> Maintenant dans la maison, 2 ateliers ! Mireille au premier \u00e9tage et moi dans la d\u00e9pendance.<a href=\"http:\/\/www.artgil.fr\/wp-content\/uploads\/2016\/06\/DSC_0007.jpg\"><img decoding=\"async\" class=\"size-thumbnail wp-image-109 alignright\" src=\"http:\/\/www.artgil.fr\/wp-content\/uploads\/2016\/06\/DSC_0007-150x150.jpg\" alt=\"DSC_0007\" width=\"150\" height=\"150\" \/><\/a><\/span><\/em><\/p>\n<p><em><span style=\"color: #800000;\">Et depuis, lorsque les 5 petits-enfants m&rsquo;en laissent le temps, je tourne, je tournasse, j&rsquo;\u00e9maille et je recuits en raku en m\u00eame temps que les pi\u00e8ces de Mireille.<\/span><\/em><br \/>\n<em><span style=\"color: #800000;\"> Quelques demi-journ\u00e9es suppl\u00e9mentaires de formation en Belgique courant septembre 2015, m&rsquo;ont permis de corriger de nombreuses erreurs mais je me rends bien compte que mes marges de progression sont encore \u00e9normes, que dis-je, monstrueuses, abyssales. Il faut parait-il 10 ans pour ma\u00eetriser un tour !<\/span><\/em><br \/>\n<em><span style=\"color: #800000;\"> Je p\u00e9dale dans l&rsquo;argile grave mais je persiste et j&rsquo;aime \u00e7a !<a href=\"http:\/\/www.artgil.fr\/wp-content\/uploads\/2016\/10\/Salle-expo5.jpg\"><img decoding=\"async\" class=\"size-thumbnail wp-image-539 alignleft\" src=\"http:\/\/www.artgil.fr\/wp-content\/uploads\/2016\/10\/Salle-expo5-150x150.jpg\" alt=\"\" width=\"150\" height=\"150\" \/><\/a><\/span><\/em><\/p>\n<p><em><span style=\"color: #800000;\">Maintenant une partie de notre salle d&rsquo;exposition est consacr\u00e9e \u00e0 la poterie, reste plus qu&rsquo;\u00e0 remplir les \u00e9tag\u00e8res !<\/span><\/em><br \/>\n<em><span style=\"color: #800000;\"> Gilbert<\/span><\/em><\/p>\n","protected":false},"excerpt":{"rendered":"<p>Mireille ( son site http:\/\/missterre.fr )\u00a0sculpte depuis pr\u00e8s d&rsquo;une vingtaine d&rsquo;ann\u00e9es et nous cuisons ensemble nos pi\u00e8ces suivant la technique du raku. Pour ma part, j&rsquo;ai eu le coup de foudre pour la poterie lors de vacances en Cr\u00eate en mai 2014 en voyant un artisan sur son tour de potier. \u2028A peine rentr\u00e9 dans&#8230; <\/p>\n<div class=\"link-more\"><a href=\"http:\/\/www.artgil.fr\/index.php\/une-passion-tardive\/\">En savoir plus<\/a><\/div>\n","protected":false},"author":1,"featured_media":0,"parent":0,"menu_order":0,"comment_status":"closed","ping_status":"closed","template":"","meta":{"footnotes":""},"class_list":["post-39","page","type-page","status-publish","hentry"],"_links":{"self":[{"href":"http:\/\/www.artgil.fr\/index.php\/wp-json\/wp\/v2\/pages\/39","targetHints":{"allow":["GET"]}}],"collection":[{"href":"http:\/\/www.artgil.fr\/index.php\/wp-json\/wp\/v2\/pages"}],"about":[{"href":"http:\/\/www.artgil.fr\/index.php\/wp-json\/wp\/v2\/types\/page"}],"author":[{"embeddable":true,"href":"http:\/\/www.artgil.fr\/index.php\/wp-json\/wp\/v2\/users\/1"}],"replies":[{"embeddable":true,"href":"http:\/\/www.artgil.fr\/index.php\/wp-json\/wp\/v2\/comments?post=39"}],"version-history":[{"count":11,"href":"http:\/\/www.artgil.fr\/index.php\/wp-json\/wp\/v2\/pages\/39\/revisions"}],"predecessor-version":[{"id":1632,"href":"http:\/\/www.artgil.fr\/index.php\/wp-json\/wp\/v2\/pages\/39\/revisions\/1632"}],"wp:attachment":[{"href":"http:\/\/www.artgil.fr\/index.php\/wp-json\/wp\/v2\/media?parent=39"}],"curies":[{"name":"wp","href":"https:\/\/api.w.org\/{rel}","templated":true}]}}

<p><a href="http://www.artgil.fr/wp-content/uploads/2016/06/13047917_10208509461390676_4015779421568686015_o.jpg"><img decoding="async" class="alignleft size-thumbnail wp-image-90" src="http://www.artgil.fr/wp-content/uploads/2016/06/13047917_10208509461390676_4015779421568686015_o-150x150.jpg" alt="13047917_10208509461390676_4015779421568686015_o" width="150" height="150" /></a><em><span style="color: #800000;">Mireille</span> </em><span style="color: #800000;">( son site</span> <span style="color: #0000ff;"><a style="color: #0000ff;" href="http://missterre.fr">http://missterre.f</a>r</span> <span style="color: #800000;">) </span><em><span style="color: #800000;">sculpte depuis près d&rsquo;une vingtaine d&rsquo;années et nous cuisons ensemble nos pièces suivant la technique du raku.</span></em><br />
<em><span style="color: #800000;"> Pour ma part, j&rsquo;ai eu le coup de foudre pour la poterie lors de vacances en Crête en mai 2014 en voyant un artisan sur son tour de potier.  A peine rentré dans la Plaine du Rhin, j&rsquo;ai cherché et trouvé un maître de stage formidable à Muttersholtz (merci Patricia MARINO).  Après une quinzaine d&rsquo;heures de formation, j&rsquo;ai acheté mon tour, monté mon petit atelier et je me suis lancé en août de la même année.</span></em><br />
<em><span style="color: #800000;"> Maintenant dans la maison, 2 ateliers ! Mireille au premier étage et moi dans la dépendance.<a href="http://www.artgil.fr/wp-content/uploads/2016/06/DSC_0007.jpg"><img decoding="async" class="size-thumbnail wp-image-109 alignright" src="http://www.artgil.fr/wp-content/uploads/2016/06/DSC_0007-150x150.jpg" alt="DSC_0007" width="150" height="150" /></a></span></em></p>
<p><em><span style="color: #800000;">Et depuis, lorsque les 5 petits-enfants m&rsquo;en laissent le temps, je tourne, je tournasse, j&rsquo;émaille et je recuits en raku en même temps que les pièces de Mireille.</span></em><br />
<em><span style="color: #800000;"> Quelques demi-journées supplémentaires de formation en Belgique courant septembre 2015, m&rsquo;ont permis de corriger de nombreuses erreurs mais je me rends bien compte que mes marges de progression sont encore énormes, que dis-je, monstrueuses, abyssales. Il faut parait-il 10 ans pour maîtriser un tour !</span></em><br />
<em><span style="color: #800000;"> Je pédale dans l&rsquo;argile grave mais je persiste et j&rsquo;aime ça !<a href="http://www.artgil.fr/wp-content/uploads/2016/10/Salle-expo5.jpg"><img decoding="async" class="size-thumbnail wp-image-539 alignleft" src="http://www.artgil.fr/wp-content/uploads/2016/10/Salle-expo5-150x150.jpg" alt="" width="150" height="150" /></a></span></em></p>
<p><em><span style="color: #800000;">Maintenant une partie de notre salle d&rsquo;exposition est consacrée à la poterie, reste plus qu&rsquo;à remplir les étagères !</span></em><br />
<em><span style="color: #800000;"> Gilbert</span></em></p>

<p>Mireille ( son site http://missterre.fr ) sculpte depuis près d&rsquo;une vingtaine d&rsquo;années et nous cuisons ensemble nos pièces suivant la technique du raku. Pour ma part, j&rsquo;ai eu le coup de foudre pour la poterie lors de vacances en Crête en mai 2014 en voyant un artisan sur son tour de potier.  A peine rentré dans&#8230; </p>
<div class="link-more"><a href="http://www.artgil.fr/index.php/une-passion-tardive/">En savoir plus</a></div>
